e 11
-444
212553 (base 6) to base 12
a159
-4eb (base 16) to base 2
-10011101011
-144435 (base 7) to base 14
-a2c5
Convert 150 (base 7) to base 11.
77
What is -10288 (base 9) in base 7?
-25556
-2134 (base 6) to base 12
-34a
What is -33230 (base 6) in base 7?
-16326
-300b (base 15) to base 4
-2132120
-151757 (base 8) to base 11
-37843
184 (base 10) to base 16
b8
Convert 89e6 (base 15) to base 6.
343213
Convert bb6 (base 15) to base 5.
41041
1001100010 (base 2) to base 15
2aa
130021 (base 5) to base 4
1032103
Convert -74 (base 15) to base 13.
-85
What is -120222 (base 3) in base 5?
-3211
Convert -64140 (base 7) to base 14.
-5ac7
What is 132122 (base 4) in base 11?
150a
What is -202021 (base 4) in base 2?
-100010001001
Convert -22473 (base 8) to base 2.
-10010100111011
What is -70108 (base 9) in base 6?
-553012
What is 6c (base 16) in base 5?
413
What is 30 (base 6) in base 13?
15
What is -25617 (base 8) in base 11?
-8418
What is -104362 (base 8) in base 5?
-2110213
16d5 (base 14) to base 16
100b
Convert 20031 (base 4) to base 13.
315
Convert -3722 (base 8) to base 15.
-8d7
Convert 27000 (base 9) to base 13.
83ac
What is -1286 (base 10) in base 12?
-8b2
What is 344 (base 15) in base 11?
612
2421 (base 5) to base 11
2a9
-3523 (base 6) to base 11
-6a7
32278 (base 12) to base 4
100013330
What is 100100000100110 (base 2) in base 16?
4826
What is 1000100001100111 (base 2) in base 9?
52808
Convert -16214 (base 7) to base 5.
-121233
2201022 (base 4) to base 5
312224
Convert -2d7 (base 14) to base 7.
-1460
Convert 30114 (base 5) to base 12.
1131
Convert 10123 (base 4) to base 16.
11b
Convert 27939 (base 10) to base 14.
a279
-21220 (base 4) to base 9
-754
Convert 1301330 (base 5) to base 16.
627f
Convert -1000011010001 (base 2) to base 5.
-114210
Convert -598 (base 12) to base 15.
-3ab
Convert 2db1 (base 16) to base 9.
17036
What is -20314 (base 5) in base 15?
-5de
Convert -1971 (base 11) to base 8.
-4702
What is 2422 (base 5) in base 13?
21b
1b8b (base 14) to base 12
2aa7
What is -ad0 (base 14) in base 9?
-2840
Convert -1111111101 (base 2) to base 5.
-13041
What is 1001 (base 6) in base 14?
117
14312 (base 15) to base 4
33310301
What is 100100101000 (base 2) in base 7?
6556
Convert -1b99 (base 12) to base 15.
-1039
Convert -1f8a (base 16) to base 7.
-32353
What is -64d2 (base 14) in base 10?
-17432
Convert 4514 (base 7) to base 6.
11312
Convert 10100100000 (base 2) to base 3.
1210121
Convert -101200100 (base 3) to base 10.
-7785
Convert -10001111010110 (base 2) to base 16.
-23d6
-383 (base 10) to base 2
-101111111
-1011000010110 (base 2) to base 9
-7672
-9566 (base 10) to base 16
-255e
What is 309 (base 16) in base 3?
1001210
Convert -1a29a (base 11) to base 13.
-cb61
What is 120b (base 14) in base 3?
11022120
What is 722 (base 8) in base 16?
1d2
Convert -1011021 (base 3) to base 4.
-31030
Convert -1472 (base 9) to base 10.
-1118
Convert -37502 (base 8) to base 15.
-4be9
What is 3f5 (base 16) in base 8?
1765
Convert 1423343 (base 5) to base 16.
7498
-72 (base 16) to base 5
-424
What is -100111110010 (base 2) in base 6?
-15442
What is -b3 (base 15) in base 7?
-330
What is 3b59 (base 12) in base 2?
1101010110101
-124202 (base 5) to base 10
-4927
What is 2056 (base 10) in base 3?
2211011
Convert -17b9 (base 12) to base 13.
-1404
Convert b0b5 (base 16) to base 13.
1778a
5cd9 (base 14) to base 15
4c43
Convert -1353 (base 6) to base 2.
-101100101
575 (base 9) to base 15
218
-2523 (base 10) to base 7
-10233
26653 (base 7) to base 2
1110000011000
30623 (base 12) to base 15
13a69
333341 (base 7) to base 16
e5cd
2b25 (base 12) to base 16
13cd
What is 1112100222 (base 3) in base 12?
15552
Convert b (base 14) to base 10.
11
What is 2206 (base 10) in base 9?
3021
220311 (base 4) to base 7
10422
Convert -22122101 (base 3) to base 11.
-4809
Convert 6942 (base 12) to base 10.
11714
4da (base 16) to base 3
1201000
8301 (base 11) to base 7
44051
-836 (base 15) to base 16
-73b
5466 (base 9) to base 4
332331
What is 6d3 (base 15) in base 9?
2110
Convert 11203 (base 4) to base 14.
1b5
What is 110220010 (base 3) in base 6?
111303
Convert 353 (base 13) to base 16.
23f
Convert 124 (base 10) to base 14.
8c
-14101 (base 6) to base 14
-b2d
What is 201 (base 4) in base 15?
23
66 (base 8) to base 3
2000
1584 (base 12) to base 3
10111101
Convert -2259 (base 10) to base 2.
-100011010011
What is 101101010 (base 2) in base 4?
11222
What is -868 (base 9) in base 14?
-38a
Convert 233212 (base 4) to base 3.
11011211
Convert 102011 (base 3) to base 15.
151
Convert -3b65 (base 12) to base 10.
-6845
32501 (base 6) to base 10
4501
-10110110111110 (base 2) to base 4
-2312332
Convert 11422 (base 6) to base 14.
874
What is -12011 (base 3) in base 7?
-256
Convert 10d3a (base 14) to base 3.
2002021010
22020121 (base 3) to base 13
2974
What is 101001101111000 (base 2) in base 10?
21368
Convert -2265 (base 12) to base 16.
-eed
Convert -917 (base 13) to base 8.
-3005
What is -2113 (base 5) in base 13?
-18a
Convert 8dc (base 15) to base 7.
5565
Convert -2705a (base 11) to base 15.
-b6c9
What is -317 (base 13) in base 4?
-20033
What is 3261 (base 7) in base 13?
6c0
Convert 3260 (base 7) to base 4.
102101
Convert -3386 (base 12) to base 16.
-1656
What is 111010110 (base 2) in base 10?
470
What is 11016 (base 7) in base 10?
2757
1a73 (base 11) to base 12
1625
Convert 3415 (base 13) to base 3.
100222211
What is 12120202 (base 4) in base 14?
9758
Convert -226 (base 9) to base 10.
-186
What is -1001001000110 (base 2) in base 15?
-15bd
Convert 121021 (base 3) to base 5.
3224
What is 4801 (base 10) in base 15?
1651
10000010110001 (base 2) to base 11
6319
What is -22313 (base 4) in base 3?
-221202
Convert 211012 (base 3) to base 5.
4344
144 (base 14) to base 12
194
What is -6731 (base 8) in base 11?
-2733
Convert 21c4 (base 14) to base 16.
16e0
-305513 (base 7) to base 8
-146247
Convert 1bc2 (base 15) to base 10.
6032
-1a449 (base 11) to base 9
-43063
Convert -1001010 (base 4) to base 14.
-1736
Convert -2122 (base 5) to base 16.
-11f
10220200 (base 4) to base 14
6cb6
What is 274 (base 11) in base 2?
101000011
Convert 2010121220 (base 3) to base 16.
a419
46 (base 14) to base 5
222
Convert -2146 (base 9) to base 10.
-1581
-22546 (base 7) to base 9
-7817
What is 37298 (base 12) in base 15?
17208
614d (base 16) to base 12
124b9
Convert 2858 (base 16) to base 11.
783a
Convert 55510 (base 6) to base 14.
2b74
What is 13321120 (base 4) in base 14?
bb04
7115 (base 8) to base 3
12000121
Convert 17874 (base 12) to base 14.
c5ba
Convert 101221100 (base 3) to base 4.
1330212
Convert -1122020110 (base 3) to base 6.
-405150
-8e2b (base 16) to base 4
-20320223
What is 1522300 (base 6) in base 12?
43390
Convert 1454 (base 10) to base 16.
5ae
Convert 173 (base 11) to base 4.
3021
-16ab4 (base 14) to base 6
-1115514
What is 1422 (base 8) in base 4?
30102
Convert -10000001011011 (base 2) to base 9.
-12323
30110 (base 10) to base 9
45265
1101011011 (base 2) to base 4
31123
Convert -110100000011 (base 2) to base 12.
-1b17
What is 444 (base 7) in base 14?
124
Convert 12320 (base 5) to base 4.
33000
What is -320124 (base 6) in base 8?
-62564
Convert 128 (base 14) to base 15.
107
What is -23460 (base 8) in base 10?
-10032
1002120 (base 3) to base 15
383
Convert 3416 (base 7) to base 5.
14423
-207 (base 15) to base 4
-13021
4027 (base 10) to base 13
1aaa
15015 (base 6) to base 16
953
What is -103020 (base 4) in base 9?
-1610
Convert -10212132 (base 4) to base 2.
-100100110011110
Convert -21121101 (base 3) to base 13.
-26a7
-301 (base 10) to base 3
-102011
-22950 (base 11) to base 9
-50344
Convert -155 (base 10) to base 12.
-10b
686 (base 13) to base 2
10001100100
45300 (base 6) to base 15
1d4c
What is 2121 (base 10) in base 11?
1659
Convert 45103 (base 9) to base 14.
accd
What is 12210 (base 3) in base 8?
234
-1010100000000 (base 2) to base 12
-3140
-1121100 (base 3) to base 10
-1170
Convert 12020213 (base 4) to base 16.
6227
-1058 (base 9) to base 6
-3342
What is -1122000201 (base 3) in base 8?
-76537
-100 (base 15) to base 12
-169
-1040 (base 9) to base 7
-2142
What is 279 (base 12) in base 3?
112010
11101101110001 (base 2) to base 6
154241
-513 (base 6) to base 16
-bd
3006 (base 8) to base 10
1542
-20933 (base 10) to base 5
-1132